2
Let a = -2 - -288. Suppose -24 = -u + 2. What is the highest common divisor of u and a?
26
Suppose -5*i + 2*t - 4*t + 84 = 0, -i + 9 = 3*t. Calculate the highest common divisor of i and 24.
6
Suppose 4*h + 208 = 5*d - 388, 4*d - 4*h = 476. Suppose -d = -m - 4*m. What is the greatest common factor of m and 60?
12
Suppose 9 = -2*t + 51. What is the greatest common factor of 168 and t?
21
Let q = -14 + 27. Let m(b) = 2*b**2 - 61*b - 139. Let j be m(33). What is the greatest common factor of j and q?
13
Let d = -5 + 27. Suppose -29 = -l + q, -5*l + 2*l = q - 103. Calculate the greatest common divisor of l and d.
11
Let x = 124 - 79. Let p = x + -31. Calculate the greatest common factor of 112 and p.
14
Suppose 34 = 5*v + 9. Suppose -z + 5 = -v. Let h be 9340/130 + (-4)/(-26) - 2. Calculate the highest common factor of z and h.
10
Let t(o) = 7*o**2 - 5*o - 3. Let h be t(-3). Calculate the greatest common divisor of 3 and h.
3
Let t(m) = -19*m - 2. Let x be t(-2). Suppose 5*y + 0*q - 20 = 5*q, 20 = 5*y - 3*q. What is the greatest common factor of x and y?
4
Suppose -2*r - 2*m + 4 = 0, 3*r = -0*r - 4*m + 4. Let z = r - 4. Let p be 9/((-3)/(-3) - z). What is the greatest common divisor of p and 9?
9
Suppose -5*i - 36 = -7*i. What is the highest common divisor of 126 and i?
18
Suppose 4*s + 3 = -2*k + 25, -26 = -k - 5*s. Suppose k = 2*y - 9. Calculate the highest common factor of 5 and y.
5
Suppose 30 = 9*r - 4*r. What is the greatest common divisor of 54 and r?
6
Suppose 0 = 2*r + 3 - 5. What is the highest common divisor of 7 and r?
1
Suppose 3*g + 69 = 5*o - 2*o, 0 = -o - 2*g + 38. Calculate the greatest common divisor of 7 and o.
7
Let f(u) = -u**3 - 8*u**2 + u + 7. Let x be ((-16)/(-6))/((-5)/15). Let t be f(x). Let d = 3 + t. What is the greatest common divisor of d and 1?
1
Suppose 9*h - 40 = 4*h. Let j be (-2)/6*14*-12. Calculate the highest common factor of h and j.
8
Let n(k) = -k**3 + 11*k**2 + 18*k - 9. Let g = 40 + -28. Let w be n(g). What is the highest common divisor of 21 and w?
21
Let g(t) = -6*t. Let x = -8 - -5. Let m be g(x). Calculate the highest common divisor of 9 and m.
9
Suppose -3*f = -3*n + 6, 0 = f - 3*n + 6*n - 18. Let l(q) = 3*q - 3. Let x be l(3). Calculate the highest common divisor of f and x.
3
Let n = 3 + -8. Let c = n - -15. What is the highest common divisor of 5 and c?
5
Suppose -2*c + 5*s = -92, -4*c + 0*s = -s - 148. Calculate the greatest common divisor of c and 90.
18
Let x(y) = -y**2 - 9*y + 8. Let o be x(-8). Calculate the greatest common divisor of 16 and o.
16
Suppose 4*a - 24 = -3*s, 3*s - 2 = -a + 13. What is the greatest common divisor of a and 12?
3
Let b be (-24)/(-18)*(-1 - -31). What is the greatest common factor of b and 100?
20
Suppose -6 = 5*w + 14. Let r = w - -26. Calculate the greatest common factor of r and 11.
11
Let p(d) = -d**2 - 2*d + 3. Let n be p(-3). Let m be 3/(2 + -1 + n). Calculate the greatest common divisor of m and 2.
1
Let c(h) = -17*h - 23. Let z be c(-4). Calculate the highest common divisor of z and 9.
9
Let u be (-145)/(-3) - (-3)/(-9). Suppose -z = -3*z + u. Suppose 30 = 2*h - z. Calculate the greatest common divisor of h and 18.
9
Let c(b) = -b**3 + 3*b**2 + 5*b - 1. Let q be c(4). Let o be 45/5*2/q. Calculate the greatest common divisor of o and 2.
2
Suppose 0 = g + 4*g - 15, 3*u - 84 = -4*g. What is the highest common factor of 120 and u?
24
Suppose 0*y = -2*y. Let t = 53 + -11. Suppose -4*k - 5*z + t = y, -6*k - 2*z = -k - 44. What is the greatest common divisor of k and 2?
2
Let h = 2 + 7. Let y(r) = 9*r**2 - r - 2. Let v be y(-2). Calculate the highest common factor of h and v.
9
Let x(j) = j**3 + j. Let c be x(1). Suppose -6*p - 220 = -10*p. Suppose 3*b = -4*y - y + 9, 5*b = 5*y + p. What is the greatest common divisor of b and c?
2
Let l be 0 + -2 - (-840)/15. Let u(z) = 26*z + 5. Let c be u(5). Calculate the highest common factor of c and l.
27
Let f = 51 + -33. Calculate the highest common factor of f and 12.
6
Let o(x) = x**3 - x**2 + x + 5. Let f be o(0). Calculate the highest common divisor of 5 and f.
5
Let s(c) = -c**3 + 7*c**2 + c - 2. Let t be s(7). Suppose b - 2*r = 7, 4*b + 1 = -4*r + t. Calculate the greatest common factor of 30 and b.
3
Suppose 36 + 14 = -r. Let b = -22 - r. Calculate the greatest common divisor of b and 42.
14
Let x be -3 - (-1 - (3 - 1)). Suppose -1 = 2*t + 3*g, -t - 4*g = 8 - x. What is the highest common factor of 40 and t?
4
Suppose 4*f - 4 = 116. Let y be 4*5*24/f. Calculate the highest common divisor of y and 2.
2
Suppose 2*t + 3*t - 70 = 0. What is the greatest common divisor of t and 35?
7
Suppose 2*m + 6*p - 14 = 2*p, p + 24 = 5*m. What is the highest common divisor of 55 and m?
5
Let t(y) = y**3 - y**2 + 2*y + 19. Let m be t(0). Let w be 1*(-2 - -1)*-19. What is the highest common divisor of m and w?
19
Suppose -2*l - 5 = -w - 16, -5*w = -l + 19. What is the highest common divisor of l and 18?
2
Let p(i) be the third derivative of -i**5/60 + i**4/4 + 4*i**3/3 - 2*i**2. Let u be p(6). Calculate the greatest common divisor of 32 and u.
8
Let z = 27 + 77. Calculate the highest common divisor of z and 13.
13
Let n(u) = -u**3 - 7*u**2 - 13*u + 1. Let c be n(-7). What is the highest common divisor of 4 and c?
4
Let n be (8/(-12))/((-2)/321). Suppose 2*p - n = -y, 0*p + 388 = 4*y - 2*p. Suppose 0*g + y = 3*g. What is the highest common factor of g and 3?
3
Let a(v) = -v**3 - 6*v**2 + 7. Let w be a(-7). What is the greatest common divisor of 7 and w?
7
Let x = 0 + 2. Suppose x*c = 3*q - 1, 2*q - 3 = -c - 0*q. Let z be (-135)/(-6)*(c - -3). Calculate the greatest common factor of 10 and z.
10
Let b be (-7)/(-1) - (-6)/(-2). Suppose b*a - 10 = 2*a. Suppose 0*j + a*d - 11 = 3*j, d = -j + 7. Calculate the greatest common factor of 2 and j.
1
Suppose 22 = k + 3*p, 0 = -2*k + 7*k - 2*p - 42. Suppose -b + 5*b + 4*r + 8 = 0, b = 2*r + k. Calculate the highest common divisor of b and 2.
2
Suppose f + u = -u - 2, -5*f - 4*u - 4 = 0. Let z = f - -8. Let h be 39 - ((0 - -2) + -3). What is the greatest common divisor of h and z?
8
Suppose 0*c - 100 = -5*c. What is the greatest common factor of c and 20?
20
Suppose -5*c + 92 - 22 = 0. Calculate the greatest common divisor of 56 and c.
14
Suppose 0*p + 2*z = p - 11, -4*z = 12. Let a(v) = 20*v. Let w be a(1). Suppose -w = -s - 0*s. Calculate the highest common factor of p and s.
5
Let z = 263 + -215. Let c be 6/27 + 142/9. Calculate the highest common divisor of z and c.
16
Suppose 0 = 3*v - 84 - 171. Let w = v + -61. What is the highest common divisor of w and 6?
6
Let h be 20/(-32)*-4*2. What is the greatest common factor of h and 20?
5
Suppose 4*s - 15 = -s. Suppose 0 = 2*p + 3*l, s*l + 2*l + 8 = -2*p. Suppose p*w = w + 25. Calculate the highest common divisor of 30 and w.
5
Suppose 3*t + 102 = 6*t. What is the highest common divisor of 272 and t?
34
Let r = 31 + -27. Suppose 102 = r*n - 34. Let i be 85*((0 - 0) + 1). Calculate the greatest common factor of i and n.
17
Let l be (15/(-10))/((-1)/48). Calculate the greatest common divisor of 24 and l.
24
Let p(m) = m**2 + 2*m - 3. Let z be p(3). Let d(h) = -2*h - 2. Let n be d(-2). Suppose -2*x - n*x + 32 = 0. What is the greatest common factor of x and z?
4
Let z = 25 - 18. Let x = 77 + -42. Calculate the highest common factor of z and x.
7
Let b be 2 + (-3 - (-5 - -2)). Let k = b - 0. Suppose k*h + 20 = 7*h. Calculate the highest common divisor of h and 4.
4
Let v(i) = i**2 + 3*i + 2. Let f be v(3). Let w be 504/10 + 4/(-10). Calculate the highest common factor of w and f.
10
Suppose s = 5*s - 100. Let i be 45*(-1 + 18/3). What is the highest common divisor of s and i?
25
Let a(d) = 98*d**3 + d + 2*d**2 + 0*d - 2*d. Let c be a(1). Suppose 0 = -2*i + 5 + 17. What is the greatest common factor of i and c?
11
Suppose -5*c + 35 + 10 = 0. Calculate the highest common divisor of 72 and c.
9
Suppose -5*o + 190 + 35 = 0. Calculate the highest common divisor of o and 9.
9
Let y = -37 + 63. Let z = 11 - 7. Suppose 36 = z*d - 224. Calculate the greatest common divisor of y and d.
13
Suppose -2*y + 3*y = -f + 16, 0 = y + 4*f - 13. Let n = 37 - y. Calculate the highest common divisor of 4 and n.
4
Suppose -846 = -8*f + 2538. Calculate the greatest commo